{"id":1077,"date":"2025-07-11T19:14:21","date_gmt":"2025-07-11T17:14:21","guid":{"rendered":"https:\/\/olgacygan.com.pl\/?post_type=product&#038;p=1077"},"modified":"2025-08-11T09:31:38","modified_gmt":"2025-08-11T07:31:38","slug":"zupa-slonce-sol-protokol-powrotu-do-siebie-system-ktory-przywroci-twojemu-cialu-rytm-spokoj-i-sile","status":"publish","type":"product","link":"https:\/\/olgacygan.com.pl\/index.php\/produkt\/zupa-slonce-sol-protokol-powrotu-do-siebie-system-ktory-przywroci-twojemu-cialu-rytm-spokoj-i-sile\/","title":{"rendered":"(eBook) ZUPA. S\u0141O\u0143CE. S\u00d3L. Protok\u00f3\u0142 powrotu do zdrowia. System, kt\u00f3ry przywr\u00f3ci Twojemu cia\u0142u rytm, spok\u00f3j i si\u0142\u0119"},"content":{"rendered":"<p><strong>Dla kogo stworzy\u0142am ten e-book?<\/strong><\/p>\n<p>Dla kobiety, kt\u00f3ra czuje, \u017ce:<\/p>\n<ul>\n<li>cia\u0142o przesta\u0142o wsp\u00f3\u0142pracowa\u0107<\/li>\n<li>&#8220;wszystko niby w normie&#8221;, ale Ty czujesz si\u0119 zm\u0119czona, rozregulowana, przyt\u0142oczona<\/li>\n<li>przesta\u0142a\u015b ufa\u0107 specjalistom, a chcesz zn\u00f3w zaufa\u0107 sobie<\/li>\n<li>masz do\u015b\u0107 dietetycznych wojenek i liczenia kalorii<\/li>\n<\/ul>\n<p>Ten e-book, to nie dieta. To <strong>plan powrotu do siebie.<\/strong><\/p>\n<p><strong>Co znajdziesz w \u015brodku?<\/strong><\/p>\n<ul>\n<li>system wsparcia organizmu (z konkretnymi krokami do wdro\u017cenia- w kontek\u015bcie ca\u0142ego stylu \u017cycia)<\/li>\n<li>System Powtarzalnego \u017bywienia do nieustannego, codziennego, maksymalnie pro-zdrowotnego uk\u0142adania i bilansowania Waszych talerzy (od \u015bniada\u0144 i obiad\u00f3w po kolacje), z konkretnymi przyk\u0142adami dobrych produkt\u00f3w spo\u017cywczych, przepisami i wskaz\u00f3wkami (idealny do powieszenia na lod\u00f3wce)<\/li>\n<li>12-dniowe wyzwanie- perfekcyjne na Twoje &#8220;pierwsze kroki&#8221;<\/li>\n<li>rozdzia\u0142y edukacyjne o: roli bia\u0142ka w \u0142\u0105czeniu go z produktami o wysokim indeksie glikemicznym (s\u0142odycze i desery, wypieki m\u0105czne, s\u0142odkie owoce, &#8220;chude&#8221; zupy), o badaniach, &#8220;normach&#8221; i refundacjach (lub ich braku), o m\u0105drej suplementacji<\/li>\n<li>listy, produkty, przyk\u0142ady, marki, polecenia, rabaty<\/li>\n<li>realna pomoc dla os\u00f3b z insulinooporno\u015bci\u0105, problemami hormonalnymi, zm\u0119czeniem itp.<\/li>\n<\/ul>\n<p><strong>Dlaczego warto?<\/strong><\/p>\n<ul>\n<li>Bo nie musisz d\u0142u\u017cej zgadywa\u0107, &#8220;co Ci jest&#8221;<\/li>\n<li>Bo mo\u017cesz zyska\u0107 realny plan dzia\u0142ania, zamiast 6. porady o &#8220;piciu wi\u0119cej wody&#8221;<\/li>\n<li>Bo to podej\u015bcie, kt\u00f3re dzia\u0142a, nie przez rewolucj\u0119, tylko przez naturalny rytm<\/li>\n<li>Bo to narz\u0119dzie, kt\u00f3re mo\u017cesz u\u017cywa\u0107 na lata<\/li>\n<\/ul>\n<p><strong>Cena:<\/strong><\/p>\n<p>Teraz: 49 z\u0142 (do ko\u0144ca pi\u0105tku- 8 sierpnia)<\/p>\n<p>Potem: 69 z\u0142 (cena regularna)<\/p>\n<p><strong>A dla pierwszej osoby&#8230;<\/strong><\/p>\n<p>Pierwsza osoba, kt\u00f3ra kupi e-booka, otrzyma ode mnie dodatkowo ksi\u0105\u017ck\u0119 papierow\u0105 <strong>GRATIS<\/strong> (z wysy\u0142k\u0105).<\/p>\n<p><strong>Co m\u00f3wi\u0105 osoby, kt\u00f3re ju\u017c go przeczyta\u0142y?<\/strong><\/p>\n<p><em>&#8220;Olga, ten e-book, to nie plik PDF. To rozmowa przy kuchennym stole. Cz\u0142owiek si\u0119 uspokaja, odzyskuje oddech i nagle wszystko zaczyna mie\u0107 sens.&#8221;<\/em><\/p>\n<p><em>&#8220;Wreszcie kto\u015b zebra\u0142 to wszystko, co najwa\u017cniejsze, bez moralizowania i presji. Dzi\u0119kuj\u0119 Ci.&#8221;<\/em><\/p>\n","protected":false},"excerpt":{"rendered":"<p>Dla kogo stworzy\u0142am ten e-book? Dla kobiety, kt\u00f3ra czuje, \u017ce: cia\u0142o przesta\u0142o wsp\u00f3\u0142pracowa\u0107 &#8220;wszystko niby w normie&#8221;, ale Ty czujesz si\u0119 zm\u0119czona, rozregulowana, przyt\u0142oczona przesta\u0142a\u015b ufa\u0107 specjalistom, a chcesz zn\u00f3w zaufa\u0107 sobie masz do\u015b\u0107 dietetycznych wojenek i liczenia kalorii Ten e-book, to nie dieta. To plan powrotu do siebie. Co znajdziesz w \u015brodku? system wsparcia organizmu (z konkretnymi krokami do wdro\u017cenia- w kontek\u015bcie ca\u0142ego stylu \u017cycia) System Powtarzalnego \u017bywienia do nieustannego, codziennego, maksymalnie pro-zdrowotnego uk\u0142adania i bilansowania Waszych talerzy (od \u015bniada\u0144 i obiad\u00f3w po kolacje), z konkretnymi przyk\u0142adami dobrych produkt\u00f3w spo\u017cywczych, przepisami i wskaz\u00f3wkami (idealny do powieszenia na lod\u00f3wce) 12-dniowe wyzwanie- perfekcyjne na Twoje &#8220;pierwsze kroki&#8221; rozdzia\u0142y edukacyjne o: roli bia\u0142ka w \u0142\u0105czeniu go z produktami o wysokim indeksie glikemicznym (s\u0142odycze i desery, wypieki m\u0105czne, s\u0142odkie owoce, &#8220;chude&#8221; zupy), o badaniach, &#8220;normach&#8221; i refundacjach (lub ich braku), o m\u0105drej suplementacji listy, produkty, przyk\u0142ady, marki, polecenia, rabaty realna pomoc dla os\u00f3b z insulinooporno\u015bci\u0105, problemami hormonalnymi, zm\u0119czeniem itp. Dlaczego warto? Bo nie musisz d\u0142u\u017cej zgadywa\u0107, &#8220;co Ci jest&#8221; Bo mo\u017cesz zyska\u0107 realny plan dzia\u0142ania, zamiast 6. porady o &#8220;piciu wi\u0119cej wody&#8221; Bo to podej\u015bcie, kt\u00f3re dzia\u0142a, nie przez rewolucj\u0119, tylko przez naturalny rytm Bo to narz\u0119dzie, kt\u00f3re mo\u017cesz u\u017cywa\u0107 na lata Cena: Teraz: 49 z\u0142 (do ko\u0144ca pi\u0105tku- 8 sierpnia) Potem: 69 z\u0142 (cena regularna) A dla pierwszej osoby&#8230; Pierwsza osoba, kt\u00f3ra kupi e-booka, otrzyma ode mnie dodatkowo ksi\u0105\u017ck\u0119 papierow\u0105 GRATIS (z wysy\u0142k\u0105). Co m\u00f3wi\u0105 osoby, kt\u00f3re ju\u017c go przeczyta\u0142y? &#8220;Olga, ten e-book, to nie plik PDF. To rozmowa przy kuchennym stole. Cz\u0142owiek si\u0119 uspokaja, odzyskuje oddech i nagle wszystko zaczyna mie\u0107 sens.&#8221; &#8220;Wreszcie kto\u015b zebra\u0142 to wszystko, co najwa\u017cniejsze, bez moralizowania i presji. Dzi\u0119kuj\u0119 Ci.&#8221;<\/p>\n","protected":false},"featured_media":1100,"comment_status":"open","ping_status":"closed","template":"","meta":[],"product_cat":[39],"product_tag":[],"_links":{"self":[{"href":"https:\/\/olgacygan.com.pl\/index.php\/wp-json\/wp\/v2\/product\/1077"}],"collection":[{"href":"https:\/\/olgacygan.com.pl\/index.php\/wp-json\/wp\/v2\/product"}],"about":[{"href":"https:\/\/olgacygan.com.pl\/index.php\/wp-json\/wp\/v2\/types\/product"}],"replies":[{"embeddable":true,"href":"https:\/\/olgacygan.com.pl\/index.php\/wp-json\/wp\/v2\/comments?post=1077"}],"wp:featuredmedia":[{"embeddable":true,"href":"https:\/\/olgacygan.com.pl\/index.php\/wp-json\/wp\/v2\/media\/1100"}],"wp:attachment":[{"href":"https:\/\/olgacygan.com.pl\/index.php\/wp-json\/wp\/v2\/media?parent=1077"}],"wp:term":[{"taxonomy":"product_cat","embeddable":true,"href":"https:\/\/olgacygan.com.pl\/index.php\/wp-json\/wp\/v2\/product_cat?post=1077"},{"taxonomy":"product_tag","embeddable":true,"href":"https:\/\/olgacygan.com.pl\/index.php\/wp-json\/wp\/v2\/product_tag?post=1077"}],"curies":[{"name":"wp","href":"https:\/\/api.w.org\/{rel}","templated":true}]}}